4394246?
4
What is the thousands digit of 1635224815?
4
What is the ten thousands digit of 75659676?
5
What is the millions digit of 506030806?
6
What is the hundred millions digit of 109555162?
1
What is the millions digit of 4251487189?
1
What is the thousands digit of 202089092?
9
What is the tens digit of 85950533?
3
What is the units digit of 589304955?
5
What is the units digit of 1350922295?
5
What is the thousands digit of 30137908?
7
What is the tens digit of 829284699?
9
What is the millions digit of 545763367?
5
What is the units digit of 1109803397?
7
What is the ten thousands digit of 220811336?
1
What is the units digit of 3078360?
0
What is the tens digit of 3101282999?
9
What is the hundred millions digit of 1375235324?
3
What is the ten thousands digit of 63785964?
8
What is the hundreds digit of 7601266?
2
What is the thousands digit of 1010999660?
9
What is the millions digit of 1404190774?
4
What is the ten thousands digit of 1160051157?
5
What is the thousands digit of 189359044?
9
What is the tens digit of 538235569?
6
What is the tens digit of 861597437?
3
What is the hundreds digit of 124849119?
1
What is the tens digit of 54968434?
3
What is the ten thousands digit of 5571758440?
5
What is the thousands digit of 59976772?
6
What is the hundreds digit of 81645226?
2
What is the thousands digit of 1730722070?
2
What is the millions digit of 2195080237?
5
What is the millions digit of 3901160?
3
What is the thousands digit of 309540916?
0
What is the hundreds digit of 2866974637?
6
What is the hundred millions digit of 3528920938?
5
What is the tens digit of 57654286?
8
What is the ten millions digit of 33497985?
3
What is the tens digit of 363159633?
3
What is the ten millions digit of 3433149262?
3
What is the ten thousands digit of 2024383171?
8
What is the tens digit of 2082804450?
5
What is the thousands digit of 56664752?
4
What is the units digit of 433226423?
3
What is the millions digit of 1353341407?
3
What is the hundred millions digit of 191240602?
1
What is the hundreds digit of 74261741?
7
What is the hundreds digit of 132904174?
1
What is the ten millions digit of 47058366?
4
What is the tens digit of 15129315?
1
What is the hundred thousands digit of 859370037?
3
What is the millions digit of 205795064?
5
What is the tens digit of 58556564?
6
What is the hundreds digit of 127182769?
7
What is the hundreds digit of 10506236?
2
What is the tens digit of 79124827?
2
What is the ten millions digit of 140865015?
4
What is the hundred thousands digit of 2079774738?
7
What is the hundred thousands digit of 18611096?
6
What is the thousands digit of 1159209422?
9
What is the hundreds digit of 468972014?
0
What is the hundred millions digit of 757171830?
7
What is the units digit of 4301511098?
8
What is the thousands digit of 48581056?
1
What is the hundreds digit of 7598675472?
4
What is the ten thousands digit of 1576389269?
8
What is the billions digit of 2312462852?
2
What is the hundred millions digit of 815595872?
8
What is the tens digit of 643108378?
7
What is the hundred thousands digit of 93687250?
6
What is the hundred thousands digit of 71771021?
7
What is the units digit of 30963847?
7
What is the ten thousands digit of 94746866?
4
What is the hundred millions digit of 4738352640?
7
What is the hundred millions digit of 679009974?
6
What is the units digit of 80904705?
5
What is the millions digit of 64843196?
4
What is the tens digit of 9953451?
5
What is the hundred thousands digit of 3376944?
3
What is the ten thousands digit of 1140760116?
6
What is the millions digit of 880860077?
0
What is the hundreds digit of 1137363412?
4
What is the ten thousands digit of 266280616?
8
What is the hundreds digit of 44691450?
4
What is the units digit of 352171792?
2
What is the ten millions digit of 95210335?
9
What is the thousands digit of 3619684579?
4
What is the hundred thousands digit of 47619773?
6
What is the units digit of 563237810?
0
What is the hundred millions digit of 6140655586?
1
What is the billions digit of 1864910783?
1
What is the ten thousands digit of 586722623?
2
What is the millions digit of 1478059555?
8
What is the millions digit of 2450404705?
0
What is the ten thousands digit of 2661470544?
7
What is the hundred millions digit of 278327955?
2
What is the hundred thousands digit of 2858674750?
6
What is the hundreds digit of 73755860?
8
What is the hundreds digit of 35059486?
4
What is the units digit of 104357809?
9
What is the hundreds digit of 302202534?
5
What is the ten millions digit of 670164746?
7
What is the ten thousands digit of 2452904602?
0
What is the ten thousands digit of 6578415097?
1
What is the units digit of 2241177862?
2
What is the millions digit of 864546852?
4
What is the ten millions digit of 763579647?
6
What is the hundreds digit of 5616226947?
9
What is the hundreds digit of 3986488487?
4
What is the hundred thousands digit of 30602077?
6
What is the millions digit of 32972467?
2
What is the ten millions digit of 106351487?
0
What is the units digit of 3320349448?
8
What is the hundreds digit of 3570859584?
5
What is the hundred millions digit of 503816334?
5
What is the tens digit of 1925733010?
1
What is the hundreds digit of 22537152?
1
What is the ten millions digit of 4154575133?
5
What is the ten millions digit of 56636836?
5
What is the tens digit of 89721051?
5
What is the hundred thousands digit of 4522863530?
8
What is the units digit of 713549818?
8
What is the tens digit of 95358673?
7
What is the units digit of 198450879?
9
What is the thousands digit of 103076585?
6
What is the tens digit of 25173729?
2
What is the ten millions digit of 103010476?
0
What is the ten thousands digit of 480909241?
0
What is the hundreds digit of 55485987?
9
What is the units digit of 45471244?
4
What is the thousands digit of 195597741?
7
What is the thousands digit of 67845149?
5
What is the tens digit of 1941714933?
3
What is the thousands digit of 497978354?
8
What is the ten millions digit of 338483825?
3
What is the tens digit of 437729098?
9
What is the thousands digit of 93221326?
1
What is the hundred thousands digit of 42255042?
2
What is the ten thousands digit of 12390318?
9
What is the hundreds digit of 43716223?
2
What is the hundred millions digit of 4387053885?
3
What is the ten thousands digit of 139468015?
6
What is the hundred thousands digit of 41208999?
2
What is the hundred millions digit of 847704584?
8
What is the units digit of 5043259331?
1
What is the hundreds digit of 1938532?
5
What is the hundred millions digit of 259853089?
2
What is the ten millions digit of 59347756?
5
What is the units digit of 102092057?
7
What is the ten thousands digit of 2847882953?
8
What is the units digit of 303650733?
3
What is the hundreds digit of 340211669?
6
What is the ten thousands digit of 92226362?
2
What is the units digit of 764478799?
9
What is the ten millions digit of 34611150?
3
What is the ten millions digit of 175890596?
7
What is the thousands digit of 74485641?
5
What is the ten millions digit of 1070776986?
7
What is the millions digit of 763437813?
3
What is the ten thousands digit of 458402261?
0
What is the units digit of 6255491584?
4
What is the ten thousands digit of 655191262?
9
What is the hundred millions digit of 1546111558?
5
What is the ten thousands digit of 35312897?
1
What is the ten thousands digit of 1375894699?
9
What is the hundred thousands digit of 13104862?
1
What is the millions digit of 33577507?
3
What is the tens digit of 2479530635?
3
What is the thousands digit of 233669581?
9
What is the tens digit of 1902247119?
1
What is the thousands digit of 2583493729?
3
What is the hundreds digit of 1102252155?
1
What is the millions digit of 69843908?
9
What is the thousands digit of 1844315?
4
What is the millions digit of 704362053?
4
What is the hundreds digit of 783622603?
6
What is the tens digit of 8373047918?
1
What is the ten thousands digit of 1073672708?
7
What is the tens digit of 2236678790?
9
What is the units digit of 191288957?
7
What is the hundred thousands digit of 338869304?
8
What is the hundred thousands digit of 582656990?
6
What is the units digit of 77770522?
2
What is the ten thousands d